tors of 2140723892?
2, 379, 1412087
List the prime factors of 7100359314.
2, 3, 79, 1621, 9241
What are the prime factors of 28399884?
2, 3, 2366657
What are the prime factors of 18935729?
89, 137, 1553
What are the prime factors of 24339862?
2, 2969, 4099
What are the prime factors of 56551309?
56551309
List the prime factors of 28260912.
2, 3, 47, 12527
What are the prime factors of 19409496?
2, 3, 47, 17207
List the prime factors of 262276828.
2, 11, 617, 9661
List the prime factors of 14853356.
2, 7, 53, 10009
What are the prime factors of 1544940744?
2, 3, 6037, 10663
What are the prime factors of 2731892390?
2, 5, 19, 23, 47, 283
List the prime factors of 119323989.
3, 4419407
What are the prime factors of 748380637?
227, 3296831
List the prime factors of 484809846.
2, 3, 137, 589793
What are the prime factors of 141001527?
3, 19, 71, 34841
What are the prime factors of 114861445?
5, 1697, 13537
What are the prime factors of 29008191?
3, 9669397
List the prime factors of 988557997.
7, 20174653
What are the prime factors of 364551755?
5, 53, 307, 4481
What are the prime factors of 61701291?
3, 79, 28927
What are the prime factors of 19583712?
2, 3, 53, 1283
List the prime factors of 396314181.
3, 577, 25439
List the prime factors of 2157986211.
3, 719328737
List the prime factors of 78513012.
2, 3, 43, 67, 757
List the prime factors of 422901434.
2, 83, 2547599
List the prime factors of 1886248367.
1886248367
What are the prime factors of 21671813?
21671813
What are the prime factors of 145684898?
2, 23, 1471, 2153
List the prime factors of 72023761.
97, 742513
What are the prime factors of 218077216?
2, 7, 29, 59, 569
List the prime factors of 31398004.
2, 11, 167, 4273
List the prime factors of 113929932.
2, 3, 73, 130057
List the prime factors of 107788643.
31, 112163
What are the prime factors of 2188456642?
2, 809, 1163
What are the prime factors of 57297529?
67, 855187
List the prime factors of 61249911.
3, 37, 551801
List the prime factors of 64460281.
137, 470513
List the prime factors of 1459892975.
5, 691, 84509
What are the prime factors of 54337102?
2, 27168551
List the prime factors of 136017117.
3, 1229, 4099
What are the prime factors of 261607306?
2, 41, 77813
What are the prime factors of 111155386?
2, 55577693
What are the prime factors of 29910985?
5, 13, 37, 12437
List the prime factors of 79902694.
2, 53, 753799
List the prime factors of 8450043533.
73, 523, 221327
List the prime factors of 191706403.
7, 23, 1190723
List the prime factors of 4114358895.
3, 5, 19, 43, 335729
List the prime factors of 212193940.
2, 5, 7, 1515671
What are the prime factors of 398739140?
2, 5, 53, 73, 5153
What are the prime factors of 80985856?
2, 7, 43, 1051
List the prime factors of 1641279948.
2, 3, 7, 11, 1776277
List the prime factors of 142741629.
3, 5286727
List the prime factors of 424244113.
2267, 187139
What are the prime factors of 134692545?
3, 5, 13, 311, 2221
What are the prime factors of 2105766806?
2, 11, 13, 41, 179581
List the prime factors of 58574718.
2, 3, 797, 1361
List the prime factors of 183812339.
811, 226649
List the prime factors of 80903856.
2, 3, 11, 73, 2099
List the prime factors of 151020976.
2, 37, 71, 3593
List the prime factors of 74399554.
2, 19, 409, 4787
What are the prime factors of 122672968?
2, 11, 19, 73369
What are the prime factors of 873220900?
2, 5, 8732209
List the prime factors of 7178337460.
2, 5, 7, 51273839
What are the prime factors of 69520508?
2, 43, 404189
List the prime factors of 2997031605.
3, 5, 67, 2982121
List the prime factors of 1186077264.
2, 3, 29, 739, 1153
What are the prime factors of 99663375?
3, 5, 7, 37967
What are the prime factors of 31947291?
3, 394411
What are the prime factors of 4668164849?
151, 30914999
What are the prime factors of 857499294?
2, 3, 23, 109, 523
List the prime factors of 37954301.
7, 11, 23, 29, 739
List the prime factors of 235298575.
5, 9411943
List the prime factors of 811105013.
653, 1242121
List the prime factors of 23313191.
11, 23, 8377
What are the prime factors of 7371811?
83, 88817
List the prime factors of 26145969.
3, 8715323
What are the prime factors of 7919978?
2, 11, 599, 601
What are the prime factors of 28147380?
2, 3, 5, 31, 37, 409
List the prime factors of 6806943523.
443, 15365561
List the prime factors of 390743999.
29, 251, 53681
List the prime factors of 192408715.
5, 97, 396719
List the prime factors of 14092429.
13, 101, 10733
List the prime factors of 85150267.
19, 4481593
What are the prime factors of 89203494?
2, 3, 191, 77839
What are the prime factors of 3273968475?
3, 5, 14550971
What are the prime factors of 2941106483?
7, 113, 1103, 3371
What are the prime factors of 16026490?
2, 5, 41, 39089
List the prime factors of 79417132.
2, 17, 1167899
List the prime factors of 53705310.
2, 3, 5, 503, 3559
List the prime factors of 486872639.
11, 17, 31, 83987
What are the prime factors of 146498284?
2, 19, 233, 8273
What are the prime factors of 606130176?
2, 3, 107, 461
What are the prime factors of 152414229?
3, 11, 523, 8831
What are the prime factors of 313496572?
2, 78374143
What are the prime factors of 238352923?
238352923
What are the prime factors of 2785501458?
2, 3, 163, 949387
What are the prime factors of 59435493?
3, 13, 1523987
List the prime factors of 44499642.
2, 3, 11, 17, 2333
What are the prime factors of 1195443286?
2, 37, 16154639
List the prime factors of 85607262.
2, 3, 13, 41, 8923
What are the prime factors of 1869912786?
2, 3, 7, 44521733
List the prime factors of 571918405.
5, 114383681
List the prime factors of 1380758933.
29, 37, 1286821
List the prime factors of 12607101.
3, 13, 277, 389
List the prime factors of 8747777014.
2, 353, 12390619
What are the prime factors of 8333453715?
3, 5, 107, 5192183
What are the prime factors of 486545763?
3, 11, 17, 127, 6829
List the prime factors of 29470040.
2, 5, 701, 1051
List the prime factors of 331605361.
331605361
List the prime factors of 2050698412.
2, 7, 10462747
What are the prime factors of 79126832?
2, 547, 9041
List the prime factors of 35101564.
2, 107, 82013
List the prime factors of 3117568208.
2, 29, 6718897
What are the prime factors of 54917818?
2, 971, 28279
List the prime factors of 94051537.
2749, 34213
What are the prime factors of 445391716?
2, 7, 11, 1446077
What are the prime factors of 4622950695?
3, 5, 11, 41, 257, 2659
List the prime factors of 852773977.
11, 103, 167, 4507
What are the prime factors of 5628430507?
7, 827, 972263
List the prime factors of 35629324.
2, 8907331
What are the prime factors of 768648491?
13, 1627, 36341
List the prime factors of 2163423962.
2, 7, 8539, 18097
List the prime factors of 327740226.
2, 3, 11, 4965761
What are the prime factors of 96099317?
17, 73, 211, 367
List the prime factors of 6636581.
7, 23, 41221
What are the prime factors of 502041505?
5, 7, 2049149
List the prime factors of 1962239672.
2, 245279959
What are the prime factors of 19270417?
19270417
What are the prime factors of 134225328?
2, 3, 2796361
What are the prime factors of 109311610?
2, 5, 10931161
List the prime factors of 476393299.
2423, 196613
What are the prime factors of 534830321?
31, 1069, 16139
List the prime factors of 134253528.
2, 3, 29, 67, 2879
List the prime factors of 3900893980.
2, 5, 12277, 15887
What are the prime factors of 285668085?
3, 5, 17, 127, 8821
List the prime factors of 104299402.
2, 4159, 12539
List the prime factors of 952418876.
2, 238104719
List the prime factors of 874021143.
3, 367, 793843
List the prime factors of 1290844233.
3, 7, 3203, 6397
What are the prime factors of 66801066?
2, 3, 1229, 9059
List the prime factors of 45666496.
2, 53, 13463
What are the prime factors of 274465802?
2, 13, 29, 28001
List the prime factors of 48971249.
1823, 26863
List the prime factors of 83443684.
2, 17, 197, 6229
List the prime factors of 292281988.
2, 59, 61, 79, 257
List the prime factors of 48522060.
2, 3, 5, 43, 6269
List the prime factors of 35334984.
2, 3, 19, 77489
List the prime factors of 4648009076.
2, 1162002269
What are the prime factors of 3833217118?
2, 1471, 1302929
List the prime factors of 26004061.
26004061
List the prime factors of 93013948.
2, 367, 63361
What are